{"id":1236,"date":"2018-04-02T15:08:54","date_gmt":"2018-04-02T14:08:54","guid":{"rendered":"http:\/\/clubmostolestenis.es\/?page_id=1236"},"modified":"2018-07-30T15:34:16","modified_gmt":"2018-07-30T14:34:16","slug":"mostoles-tennis-academy","status":"publish","type":"page","link":"https:\/\/clubmostolestenis.es\/index.php\/mostoles-tennis-academy\/","title":{"rendered":"M\u00f3stoles tennis academy"},"content":{"rendered":"<p>Aqu\u00ed podr\u00e1s descargar toda la informaci\u00f3n relativa a M\u00f3stoles tennis academy.<\/p>\n<p><strong><span style=\"color: #000000;\"><a style=\"color: #000000;\" href=\"http:\/\/clubmostolestenis.es\/wp-content\/uploads\/2018\/04\/TENNIS_ACADEMY.ppsx\" target=\"_blank\">Descargar informaci\u00f3n<\/a><\/span><\/strong><\/p>\n","protected":false},"excerpt":{"rendered":"<p>Aqu\u00ed podr\u00e1s descargar toda la informaci\u00f3n relativa a M\u00f3stoles tennis [&hellip;]<\/p>\n","protected":false},"author":1,"featured_media":672,"parent":0,"menu_order":9,"comment_status":"closed","ping_status":"closed","template":"page-templates\/single-project.php","meta":{"ngg_post_thumbnail":0,"footnotes":""},"class_list":["post-1236","page","type-page","status-publish","has-post-thumbnail","hentry","clearfix"],"_links":{"self":[{"href":"https:\/\/clubmostolestenis.es\/index.php\/wp-json\/wp\/v2\/pages\/1236","targetHints":{"allow":["GET"]}}],"collection":[{"href":"https:\/\/clubmostolestenis.es\/index.php\/wp-json\/wp\/v2\/pages"}],"about":[{"href":"https:\/\/clubmostolestenis.es\/index.php\/wp-json\/wp\/v2\/types\/page"}],"author":[{"embeddable":true,"href":"https:\/\/clubmostolestenis.es\/index.php\/wp-json\/wp\/v2\/users\/1"}],"replies":[{"embeddable":true,"href":"https:\/\/clubmostolestenis.es\/index.php\/wp-json\/wp\/v2\/comments?post=1236"}],"version-history":[{"count":3,"href":"https:\/\/clubmostolestenis.es\/index.php\/wp-json\/wp\/v2\/pages\/1236\/revisions"}],"predecessor-version":[{"id":1242,"href":"https:\/\/clubmostolestenis.es\/index.php\/wp-json\/wp\/v2\/pages\/1236\/revisions\/1242"}],"wp:featuredmedia":[{"embeddable":true,"href":"https:\/\/clubmostolestenis.es\/index.php\/wp-json\/wp\/v2\/media\/672"}],"wp:attachment":[{"href":"https:\/\/clubmostolestenis.es\/index.php\/wp-json\/wp\/v2\/media?parent=1236"}],"curies":[{"name":"wp","href":"https:\/\/api.w.org\/{rel}","templated":true}]}}